 composite number?
False
Is 29752753 prime?
False
Is 25775513 a prime number?
True
Is 957091 composite?
False
Is 16568623 a composite number?
False
Is 28592041 prime?
True
Is 71745937 a composite number?
False
Is 75745331 a prime number?
True
Is 7506658 a composite number?
True
Is 124639759 prime?
True
Is 434051 a prime number?
False
Is 886689607 prime?
True
Is 65936933 a composite number?
False
Is 40736911 prime?
True
Is 2366123 composite?
False
Is 100459643 a prime number?
True
Is 398539 composite?
False
Is 3424879 a prime number?
True
Is 133537117 prime?
False
Is 216193 a prime number?
False
Is 61721897 prime?
True
Is 177869217 a composite number?
True
Is 9699221 a composite number?
True
Is 31629347 a composite number?
True
Is 4534097 prime?
False
Is 102824063 a prime number?
True
Is 13058993 a composite number?
False
Is 12418979 composite?
True
Is 235566934 a prime number?
False
Is 1637133 composite?
True
Is 8106073 prime?
True
Is 88790291 prime?
True
Is 9026759 composite?
True
Is 243754151 prime?
False
Is 6117049 prime?
False
Is 1148006 prime?
False
Is 8151431 prime?
True
Is 23270333 prime?
True
Is 21970051 a prime number?
True
Is 14169097 prime?
True
Is 23557 composite?
False
Is 3730069 a composite number?
True
Is 373189 a prime number?
False
Is 6815483 composite?
True
Is 2900719 a composite number?
False
Is 6043963 a composite number?
True
Is 239122937 a composite number?
False
Is 71218267 prime?
True
Is 169283299 composite?
False
Is 77678261 a prime number?
True
Is 72814759 prime?
False
Is 3812537 composite?
True
Is 22464539 a prime number?
False
Is 3196087 a composite number?
False
Is 5817529 a prime number?
False
Is 25800371 a composite number?
False
Is 3715171 a composite number?
True
Is 72920117 a composite number?
False
Is 34965173 a composite number?
True
Is 2634861 a composite number?
True
Is 707489 a prime number?
False
Is 540646 a prime number?
False
Is 34807697 prime?
False
Is 77261 composite?
False
Is 35204879 a prime number?
False
Is 613286 a composite number?
True
Is 1230589 a composite number?
True
Is 2933705 a composite number?
True
Is 13652687 composite?
True
Is 25142687 a prime number?
False
Is 144172339 a composite number?
True
Is 246392026 a composite number?
True
Is 169709 a prime number?
True
Is 4689829 a composite number?
False
Is 3215029 a prime number?
False
Is 5864069 a composite number?
True
Is 8662411 a prime number?
True
Is 51703357 composite?
False
Is 5398139 composite?
False
Is 35511869 prime?
True
Is 1869341 a prime number?
True
Is 1127580383 composite?
False
Is 23306177 composite?
False
Is 17221073 prime?
False
Is 65100487 a composite number?
False
Is 1172489 a composite number?
True
Is 141587 a prime number?
True
Is 5629307 prime?
True
Is 43567774 prime?
False
Is 19282909 composite?
False
Is 22588289 prime?
False
Is 289132957 composite?
True
Is 515107 a composite number?
True
Is 333426118 composite?
True
Is 637087 a composite number?
True
Is 3495589 a prime number?
False
Is 76092451 prime?
False
Is 54647 composite?
False
Is 2335481 prime?
True
Is 4323351 a prime number?
False
Is 1954573 a prime number?
True
Is 75449239 prime?
False
Is 21987811 a composite number?
True
Is 27653161 prime?
True
Is 663282247 composite?
False
Is 155379829 a composite number?
True
Is 26839977 prime?
False
Is 43942409 composite?
True
Is 30264317 prime?
True
Is 9857519 a prime number?
False
Is 52147013 composite?
True
Is 3812903 composite?
True
Is 738911 composite?
True
Is 1116643 a composite number?
True
Is 69675517 a prime number?
False
Is 15832553 a composite number?
True
Is 25867921 prime?
False
Is 10704431 a composite number?
False
Is 20686579 prime?
False
Is 546914567 prime?
False
Is 566867803 a composite number?
True
Is 55226797 prime?
True
Is 388037679 a prime number?
False
Is 12609721 a prime number?
False
Is 104697947 a composite number?
False
Is 1170349 composite?
False
Is 30004243 a prime number?
True
Is 15963301 a composite number?
False
Is 144075049 a composite number?
False
Is 5218039 a prime number?
False
Is 18901 composite?
True
Is 206019389 a prime number?
False
Is 331431803 prime?
False
Is 368391911 prime?
True
Is 267646583 prime?
True
Is 1285527 a composite number?
True
Is 61150919 composite?
True
Is 5066053 a composite number?
True
Is 15608891 a prime number?
True
Is 11255149 prime?
True
Is 91243123 prime?
True
Is 120527585 composite?
True
Is 90133 a composite number?
True
Is 10198781 a prime number?
True
Is 16006143 prime?
False
Is 35098379 composite?
False
Is 19326674 prime?
False
Is 69337039 a prime number?
True
Is 2805311 a prime number?
True
Is 82136387 a prime number?
False
Is 73062133 prime?
False
Is 2900005 a composite number?
True
Is 11354971 a composite number?
True
Is 9467287 prime?
True
Is 370963 a composite number?
True
Is 347930017 a composite number?
False
Is 1256197 a composite number?
False
Is 95711329 a composite number?
True
Is 469064729 composite?
True
Is 518769829 a composite number?
True
Is 24541289 a composite number?
False
Is 8759183 a composite number?
False
Is 8489249 composite?
True
Is 5199287 prime?
False
Is 130145809 a prime number?
True
Is 5752883 prime?
True
Is 44816911 prime?
False
Is 15019339 prime?
False
Is 1200751 a prime number?
True
Is 75726341 a prime number?
True
Is 2683306387 prime?
True
Is 19846069 composite?
False
Is 169366837 prime?
True
Is 8657189 a prime number?
False
Is 72562739 composite?
False
Is 775889 a composite number?
False
Is 4627003 composite?
False
Is 53225297 composite?
False
Is 2631401 composite?
False
Is 4477701 a composite number?
True
Is 9241327 composite?
False
Is 47273723 prime?
False
Is 71582507 a composite number?
True
Is 412618733 a prime number?
True
Is 7112111 a prime number?
True
Is 15354791 a prime number?
False
Is 6323491 composite?
False
Is 176687435 a prime number?
False
Is 1648055737 a composite number?
False
Is 30853311 a composite number?
True
Is 20477053 a composite number?
False
Is 11240549 composite?
True
Is 25536989 prime?
True
Is 79251817 composite?
True
Is 12839 a prime number?
False
Is 40637387 a composite number?
True
Is 718919 a prime number?
True
Is 64948991 a composite number?
False
Is 22791397 a composite number?
True
Is 4250849 prime?
False
Is 114483097 prime?
False
Is 567473287 composite?
False
Is 9385163 composite?
False
Is 90845257 a composite number?
True
Is 2308909 prime?
False
Is 43354547 a composite number?
True
Is 99590071 a composite number?
True
Is 7199573 prime?
False
Is 21103439 composite?
True
Is 276486667 prime?
False
Is 54896461 composite?
True
Is 1972649 composite?
True
Is 161201 a prime number?
True
Is 23776949 a prime number?
False
Is 48925553 a composite number?
False
Is 66103567 a composite number?
False
Is 4880557 prime?
False
Is 113437 composite?
False
Is 1251983 prime?
True
Is 2309861 composite?
True
Is 11987447 prime?
False
Is 14487293 a prime number?
False
Is 6350521 a prime number?
False
Is 198761 composite?
False
Is 92119463 composite?
False
Is 577663 composite?
True
Is 2974369 prime?
True
Is 298503227 a prime number?
False
Is 271217651 composite?
True
Is 26547583 composite?
False
Is 1625329 a prime number?
True
Is 2151767 a composite number?
False
Is 2239553 prime?
False
Is 9395221 composite?
True
Is 107230381 a prime number?
False
Is 52379071 composite?
False
Is 7773547 prime?
False
Is 276449447 prime?
False
Is 56984549 a prime number?
True
Is 394165711 prime?
True
Is 6495787 a prime number?
False
Is 14684429 prime?
True
Is 1342477 prime?
False
Is 5925053 a composite number?
True
Is 186636823 prime?
False
Is 875753857 a composite number?
True
Is 186259457 prime?
True
Is 878947 a prime number?
False
Is 45099799 a prime number?
True
Is 202277 composite?
False
Is 832291 prime?
True
Is 6153023 a prime number?
False
Is 2294597 a composite number?
True
Is 317969347 a composite number?
False
Is 32849143 prime?
True
Is 16272185 a prime number?
False
Is 43681493 a composite number?
False
Is 55083083 prime?
False
Is 5112803 a composite number?
False
Is 56239907 prime?
False
Is 921491 composite?
False
Is 60022 a composite number?
True
Is 5506199 a prime number?
True
Is 111233137 a composite number?
True
Is 1527461 composite?
True
Is 8240009 prime?
False
Is 816964723 composite?
False
Is 216850009 a